= -24. Let p = r - -33. List the prime factors of p.
17
Suppose -42 = -4*b + 26. Suppose b = -h + 35. List the prime factors of h.
2, 3
Let q(z) = -20*z + 489. What are the prime factors of q(-8)?
11, 59
Suppose -2*a - 2*q = 0, q + 10 = -2*a + 3*a. Suppose 0 = -a*f - 2*d + 1032, -30 = -f + 3*d + 190. List the prime factors of f.
2, 13
Let x(r) = r**3 - 15*r**2 + 14*r + 12. Let m(s) = -s + 5. Let f be m(5). Let g be (f - -21)/(18/12). List the prime factors of x(g).
2, 3
Suppose -x + 8 + 3 = 2*g, 4*x - 8 = 4*g. Suppose -6 = g*c - 30. Suppose -2*v = 2*n + n - 233, 0 = 2*v - c. What are the prime factors of n?
3, 5
Suppose -t + 2*t - 3 = 0. Suppose t*z = 2*z + 9. Let j = 15 - z. List the prime factors of j.
2, 3
Suppose -y - 4*c + 16 = 0, 8*y - 4*y + 11 = -c. List the prime factors of (3/(3/2))/(y/(-250)).
5
Let s(j) = -2*j + 11. Let t(v) = -v**2 + 3*v + 2. Let q be t(2). Let d be s(q). Suppose d*b = 5 + 4. What are the prime factors of b?
3
Let v = 0 - -10. Let y be 45/(-18)*(-12)/v. Suppose b - 2*a = -b + 34, -b = -y*a - 15. List the prime factors of b.
2, 3
Let g be 15 - ((-6 - -1) + 2). Let u = g + 37. List the prime factors of u.
5, 11
Let l = 3 + 13. Let y be -2 - l/(2 - -2). Let g(t) = -3*t - 7. What are the prime factors of g(y)?
11
Let g be (-9)/6 - 18/(-4). What are the prime factors of g/12 + (-87)/(-4)?
2, 11
Let l(s) = 3*s**2 + 4*s + 2. Let b be -2 + 2 - 5 - -3. Let w be l(b). List the prime factors of -1 + w + (-3 - 0).
2
Let o = 320 + 489. What are the prime factors of o?
809
Let v(g) = -6*g**3 - 5*g**2 + 9*g + 5. Let u(y) = -y**3 + y**2 - y. Let a(x) = 5*u(x) - v(x). Let r be ((-45)/(-10) + -4)*-22. List the prime factors of a(r).
2, 7
Suppose -i = 2*i - 6. Let m = 17 - i. Suppose -4*y + m + 1 = 0. What are the prime factors of y?
2
Let a(x) be the second derivative of 3*x - 1/20*x**5 + 4/3*x**3 - 5/2*x**2 - 1/3*x**4 + 0. What are the prime factors of a(-6)?
19
Let f(y) = y**3 - 3*y**2 + 3*y + 3. Suppose 0 = g - 0*g - 3. What are the prime factors of f(g)?
2, 3
Suppose -272*r + 275*r + h = 1581, -r - 5*h + 513 = 0. What are the prime factors of r?
2, 3, 11
Suppose 374*y = 381*y - 49. What are the prime factors of y?
7
List the prime factors of (-807)/(-30) + (-3)/(-30).
3
List the prime factors of 308/693 + 5819/9.
647
Suppose 2*j + 173 = 177, -2*c = -j - 5512. List the prime factors of c.
3, 919
List the prime factors of 429988/260 + (-4)/5.
3, 19, 29
Let i = 246 + 22. List the prime factors of i.
2, 67
Let a = 66 - 54. What are the prime factors of -5*(-1 - a/(-15)) + 85?
2, 43
Let z(l) be the first derivative of l**5/10 + l**4/12 + l**3/6 - l**2 - 6. Let s(m) be the second derivative of z(m). List the prime factors of s(-1).
5
Suppose m = 4, m - 22 = -2*q - 3*m. Suppose 3*b - 184 = -q*w - 13, -b = -5*w - 39. List the prime factors of b.
2, 3
Suppose 0 = -2*s + 5*m + 2373, -3*m + 8*m - 1194 = -s. List the prime factors of s.
29, 41
Suppose -4*i = 4*l - 20, l - 4 = -2*i + 3. Let q(a) = -a**i + 3 + 4 + 10. List the prime factors of q(0).
17
Suppose v = 2*v - 5. Suppose -5*g - t = -6, 6*t = -2*g + 3*t - 8. Suppose v*x + 18 - 89 = -g*i, -10 = -2*x. What are the prime factors of i?
23
Let x = -52 - -60. Suppose -4*c - 524 = -x*c. What are the prime factors of c?
131
Suppose -20*m + 17919 = 13*m. What are the prime factors of m?
3, 181
Let l(z) = -z**2 + z + 89. Let i be l(0). Suppose 3 = 2*j - i. Suppose 5*n - 3*n = j. List the prime factors of n.
23
Suppose 0 = p - 5*q + 23, -q - 2*q = 5*p - 25. Suppose 2*j + p*j - k = 54, -j + 2*k = -10. What are the prime factors of j?
2, 7
Let j(w) be the third derivative of w**4/24 - 5*w**3/6 - 55*w**2. Suppose a - 4*m = m + 22, 0 = -a - m + 4. List the prime factors of j(a).
2
Let w(c) = 2*c + 3. Let x be w(-2). Let p = -135 + 139. Let l = p - x. List the prime factors of l.
5
Suppose -5*v + 0*v - 3*j + 83 = 0, 0 = j + 4. Let s = v + 12. List the prime factors of s.
31
Let z = -2 - -4. Let i be 2*3/z*-1. List the prime factors of 38*(-3)/(-6) - i.
2, 11
Let q(t) = 3*t**3 - 4*t**2 - 4*t + 13. Let k be q(5). Suppose -9*f - k = -13*f. List the prime factors of f.
67
Suppose 7*w = -2*s + 10*w + 4089, 3*w + 10218 = 5*s. List the prime factors of s.
3, 227
Let g(r) be the third derivative of -r**5/60 - r**4 + 7*r**3/2 - 18*r**2. What are the prime factors of g(-12)?
3, 5, 11
Suppose -4*a + 304 = -4*o, -4*o + 156 = 3*a - 72. List the prime factors of a.
2, 19
Let l = 36 + -14. List the prime factors of ((-296)/14)/(l/(-77)).
2, 37
Suppose 3*g + 9*l - 4*l + 10 = 0, -4 = -5*g + 2*l. Suppose i - 26 + 14 = g. List the prime factors of i.
2, 3
Let y(u) = 10*u**2 - 37*u + 96. List the prime factors of y(12).
2, 3, 7, 13
Suppose -27423 = -19*k - 6105. What are the prime factors of k?
2, 3, 11, 17
Let r be (-150)/15*1/2. Suppose 0 = -l - 0*l + 16. Let q = r + l. What are the prime factors of q?
11
Let t = 1090 - 522. What are the prime factors of t?
2, 71
Let x(i) = i**3 + 14*i**2 + 2*i + 30. Let v be x(-14). List the prime factors of 2 - (v + -48) - -3.
3, 17
Let a(f) = 45*f**2 - f + 2. Let i be a(2). Let n = -108 + i. What are the prime factors of n?
2, 3
Suppose -3*y = -2*u - 218, -3*u + 315 = 4*y + 30. What are the prime factors of y?
2, 3
List the prime factors of (1076/(-3) - -1)/(20/(-60)).
29, 37
Suppose -3*r - 34 = 5*u - 6372, -2*r + 5*u + 4242 = 0. List the prime factors of r.
2, 23
What are the prime factors of -18*(-20)/90 - -2904?
2, 727
Let y(q) = 286*q**2 + 16*q - 26. Let t(n) = 57*n**2 + 3*n - 5. Let u(h) = 16*t(h) - 3*y(h). What are the prime factors of u(-1)?
2, 13
Let a(j) be the second derivative of -14*j**5/5 - j**3/3 - j**2/2 - 5*j. What are the prime factors of a(-1)?
3, 19
What are the prime factors of (-116311)/(-184) + (0 - 3/24)?
2, 79
Suppose -4*t + 135 = -5*q - 144, -3*t + 2*q = -218. Suppose 6 = -7*l + t. List the prime factors of l.
2, 5
Suppose u - 57 = -2*i, 3*i - 171 = 2*u - 5*u. Suppose -5*d - 2*v = -u, 2 = 5*d - 2*v - 51. List the prime factors of d.
11
Let y(g) = -26*g + 22. Let j(m) = 25*m - 21. Let r(k) = -5*j(k) - 4*y(k). List the prime factors of r(-5).
2, 61
Let p(k) = 3*k + 16. Let v = 25 - 22. List the prime factors of p(v).
5
Suppose -4*f = 4*a - a - 472, 3*f + 2*a - 354 = 0. Let h = 302 - f. What are the prime factors of h?
2, 23
Let m(b) = -2*b + 12. Let p be m(10). Let s = p + 10. Suppose 0 = -5*o + s*o + 42. List the prime factors of o.
2, 7
Suppose 154 + 346 = 4*u. Let f = u - 52. What are the prime factors of f?
73
Suppose -4 = 2*l - 0. List the prime factors of (-2)/(l*(-3)/(-528)).
2, 11
Let h be -2*(-1)/2*1/(-1). What are the prime factors of 2 + (-1)/(h/27)?
29
Let w = 623 + -69. What are the prime factors of w?
2, 277
Let j(l) = -4*l - 14. Let y be j(-5). Suppose 0 = 7*d - y*d - 87. List the prime factors of d.
3, 29
Let b(h) = 2*h + 0*h**3 - 1 + 7*h**2 + h**3 - 11*h**2. Let q be b(3). List the prime factors of 532/36 - q/18.
3, 5
Let w(q) = 28*q**2 + q. Suppose 2*c - 7 = -3*j, 4*c = -0*c - 3*j + 5. List the prime factors of w(c).
3
Suppose 5*l - l = 0. Suppose l = 5*b + 3*i - 150, -5*b + 109 = 2*i - 41. List the prime factors of b.
2, 3, 5
Let c(i) = 8*i + 49. Suppose -23*u + 20*u = -51. What are the prime factors of c(u)?
5, 37
Let h be 2/3 + (-93)/(-9). Let w = -11 - -29. Let v = w - h. List the prime factors of v.
7
Suppose v - 710 = 4*a, -5*v + 1249 + 2411 = 2*a. What are the prime factors of v?
2, 5, 73
Let o = 544 - -226. What are the prime factors of o?
2, 5, 7, 11
Let h(y) = -10*y**2 + 2*y - 1. Let d = 17 + -16. Let g be h(d). Let c(j) = -2*j + 3. What are the prime factors of c(g)?
3, 7
What are the prime factors of (2/(-4))/((-26)/31044)?
3, 199
Let u = 1319 + -584. List the prime factors of u.
3, 5, 7
Let h(l) = -2*l**3 + l**2 + 11*l + 9. Let z be h(-6). Let i be (-4)/18 - z/(-27). Suppose 3*c - i = 54. List the prime factors of c.
23
Let p(q) = -3*q**2 - 13*q - 13. Let o(r) = r**2 + r. Let a(y) = 6*o(y) + p(y). List the prime factors of a(-6).
137
Let j(q) = -q**3 + 7*q**2 - 7*q + 5. Let c be j(6). Suppose -48 = -4*v - 3*g, 3*v - 36 = -0*v - 4*g. List the prime factors of ((-15)/v)/(c/16).
2, 5
List the prime factors of (-63)/28*352/(-3).
2, 3, 11
Let k be (-3)/(-2) - (-2)/(-4). What are the prime factors of -1 + -2 + 124 + 2/k?
3, 41
S